s(c) = -c**2 - 7*c - 2. Calculate s(i).
8
Let i(g) = 2*g**3 + 21*g**2 + 25*g + 150. Let f be i(-10). Let a(r) = -2*r + 37. Give a(f).
37
Let a(g) be the first derivative of -g**6/360 + g**5/60 + g**4/12 + 3*g**3 - 17. Let r(f) be the third derivative of a(f). Determine r(3).
-1
Let b be 10 + (-2)/(1/1). Let o(d) be the first derivative of -8/3*d**3 + 1/4*d**4 + 7/2*d**2 - 6 - b*d. Determine o(7).
-8
Suppose -36*t + 33*t + 15 = 0. Let i(p) = -4 + 6 - p**2 - t*p + 1 + 11*p. Calculate i(7).
-4
Let p be (20/(-100) + (-3)/(-5))*5. Let w(j) = j**3 - 3*j**2 - 2*j + 3. What is w(p)?
-5
Let n(i) = i - 1. Let d(q) = -26*q - 161. Let w be d(-6). Calculate n(w).
-6
Let x(q) = -7*q**3 - 5*q**2 - q + 1. Let r(g) = -5*g**3 - 5*g**2 - 1. Let k(y) = 4*r(y) - 3*x(y). Let z be 2/(-1 + 1 + -2). Let v = 6 + z. Give k(v).
8
Let s(y) = 96*y**2 - 98*y**2 + 17 + 3*y + 2*y - 10*y. Calculate s(-5).
-8
Suppose -4*i - 3*j + 0 = -21, -2*i - j + 11 = 0. Let v(y) = -4*y + 17*y**2 + 6 + 19*y**2 - 35*y**2. What is v(i)?
18
Let u(y) = 1. Let l = -1 + 0. Let k(d) = 6*d**2 + 1. Let f(n) = 5*n**2 + n. Let b(j) = -7*f(j) + 6*k(j). Let a(h) = l*b(h) + 3*u(h). What is a(3)?
9
Let k(g) = -g + 1. Let r(a) = -4*a - 1. Let y(j) = j**3 + 8*j**2 + 5*j - 15. Let h be y(-7). Let n(c) = h*r(c) + 2*k(c). Calculate n(6).
15
Let v(g) = 31*g**2 - 31 + 10 - 32*g**2 + 16 - 10*g. What is v(-11)?
-16
Let b(s) = -s**2 + 9*s + 9. Suppose -22 = -4*j + 18. Give b(j).
-1
Let c(v) = 3. Let h(x) = x + 4. Let b(m) = -3*c(m) + h(m). What is b(0)?
-5
Suppose -5*z = -3*z + 8, z = 3*c - 19. Suppose -4*u + 5*u - 2 = 0. Let f(a) = u + a - 5 + 0*a. Calculate f(c).
2
Let l(f) = f**2 - 25*f + 127. Let q be l(17). Let t(u) = -u**2 - 10*u + 11. Calculate t(q).
20
Let m(z) be the first derivative of -z**4/4 - 2*z**3 - z**2 - 5*z - 102. Give m(-4).
-29
Suppose 3*i = -56 - 4. Let k = -13 - i. Let t(z) = 3 + 2 - 4 + k*z - 6*z. Calculate t(4).
5
Let q(j) = -6*j. Let h(v) = 40*v - 4*v + 30*v. Let k(y) = 6*h(y) + 68*q(y). Determine k(1).
-12
Suppose -2*y - 9 = -15. Let l be (-8)/6*33/22 - y. Let s(o) = -o**2 - 5*o - 3. Give s(l).
-3
Suppose m = 5*m - 40. Let i(f) = -5*f - f**3 - 5*f**2 + 13 - 9 - m. Determine i(-4).
-2
Let f(t) = -t**3 - 7*t**2 - 8*t - 17. Let y be f(-6). Let q(l) = -11*l - 1. Let h(k) = 21*k + 3. Let d(m) = y*q(m) - 2*h(m). What is d(1)?
12
Let z = -36 - -40. Suppose -z*h - 25 = h. Let k(t) = 3*t - 4. What is k(h)?
-19
Let b(s) = 2*s + 3. Let a(x) = -8*x - 52. Let z(m) = a(m) + 5*b(m). Give z(17).
-3
Let n(r) be the second derivative of r**4/12 - 2*r**3/3 + r**2/2 + 4014*r. Let q(l) = -l. Let b be q(-5). Calculate n(b).
6
Let w be (-4)/(-6) + (-147)/(-9). Suppose -w = -4*d - a, -4*d - 6*a = -11*a - 35. Let m(t) = -21 + 14 + 7 + t. Determine m(d).
5
Let z(y) be the first derivative of 1/2*y**2 + 16 - 4*y. What is z(0)?
-4
Let i(x) = 3*x + 5*x**2 - 12 - x**3 + 2 + 3*x + 4. Determine i(6).
-6
Let g(k) = -k**3 + k**2 - 14. Let j = 9 - 7. Let t be j + -1 + (-13 - -12). Suppose 3*n + 0*n = t. Calculate g(n).
-14
Let y be (-39)/26*1*-2. Suppose -3*w = 3*b - 4*w - 1, 2*b - 6 = -2*w. Let t = b + y. Let o(n) = 2*n + 1. Calculate o(t).
9
Let d be (-15)/2*12/(-90)*-5. Let z(t) = -t**2 - 3*t + 8. Calculate z(d).
-2
Let k(r) = r**3 - 4*r**2 + 3*r - 2. Suppose 10 = 7*y - 9*y, -2*j + 21 = -y. Suppose j*l = 4*v + 3*l - 12, 0 = -2*v + 4*l + 6. Give k(v).
-2
Let f(x) be the first derivative of x**5/120 + x**4/8 + 7*x**3 - 44. Let k(i) be the third derivative of f(i). What is k(-7)?
-4
Let j be 4/(-22) + 1118/(-143). Let q = j - -14. Let c(i) = q*i - 4*i - 15 + 22. What is c(-6)?
-5
Suppose s = -3*u + 11, 0*s - s + 15 = 4*u. Suppose 5*j - 8 = -3*d + j, -d - 3*j = 4. Let a(b) = -5*b + 7*b - u + d + b**2 - 3*b**2. Determine a(3).
-8
Let m(g) = 2*g**2 + 3*g + 13. Let v(c) = c**2 + 2*c + 7. Let i(b) = -4*m(b) + 7*v(b). Let z(x) = -2*x + 15. Let r be z(6). Determine i(r).
-6
Let p(z) = 4*z**2 - 34*z + 64. Let w(j) = j**2 - 10*j + 19. Let x(f) = 2*p(f) - 7*w(f). Let k = -4 + -1. Determine x(k).
10
Let y(h) = -4 - 104*h**3 - 7*h + 8*h**2 - 6 + 103*h**3. Give y(7).
-10
Let b = -49 + 48. Suppose 5*u + 15 = -5*n, 2*u + 3*n = 2*n - 1. Let i(z) = 5*z**3 - u*z**2 + z**2 + 4 - 5 - 2*z. Determine i(b).
-5
Let a(s) be the first derivative of -s**6/120 + s**4/12 + 2*s**3/3 + 15*s**2/2 - 2*s - 15. Let x(m) be the second derivative of a(m). Calculate x(3).
-17
Suppose -13 = -5*l - 5*w + 22, 35 = 5*l + 2*w. Suppose -l + 16 = 3*h. Let f(u) = -3 + u**3 - 2*u**2 + 0*u**3 + 0*u**2. Give f(h).
6
Let h(c) = -11*c - 82. Let o be h(-8). Let r(x) = x**3 - 8*x**2 + 8*x + 6. Determine r(o).
-18
Let p be 165/110*1*(3 + -1). Let m(s) = -5*s**2 + 5 - 5*s**3 - 4 + 1 + 6*s**p - s. Determine m(5).
-3
Let x(p) be the first derivative of p**7/840 + p**6/72 - p**5/24 - p**4/4 + 4*p**3 - 7. Let a(n) be the third derivative of x(n). Give a(-6).
-12
Let r be 3/(-9) - 16/(-12). Let g = r + 1. Let o(f) = 4*f**g + f**3 - 5 + 6 - 3 - 2*f - 3. What is o(-4)?
3
Let y(u) = -u**3 - 3*u**2 + u. Suppose -5*s - 115 = -95. Let n = s - -2. What is y(n)?
-6
Let f be ((-10)/(-4))/(2/4). Let k(w) = -4 - 3*w - 5*w + 2*w + f*w. Calculate k(3).
-7
Let d be 4/6 - 8/(-6). Suppose b - 2*b = d*n - 12, n - 5*b = -5. Let m(s) = -7 + s + 0*s + n + 1. Determine m(-5).
-6
Let i(l) = -8*l - 32. Let y(v) = -v. Let w(p) = i(p) - 10*y(p). Determine w(14).
-4
Suppose 4*x = -x + 50. Let i be (-8 + 9)*x*-2. Let r = i + 18. Let s(g) = 4*g. What is s(r)?
-8
Let t be (-13 - -16)*(0 - (-2 + 1)). Let l(o) = 3 + 3*o - 2 + 1 - 6. Give l(t).
5
Let c(d) = -7*d**3 - 7*d**2 + 16*d + 1. Let n(o) = 5*o**3 + 8*o**2 - 14*o - 2. Let k(r) = 3*c(r) + 4*n(r). Give k(10).
15
Let t be 56/(-12) - 2/(-3). Let j(g) = -14*g + 19. Let m(l) = 26*l - 34. Let w(x) = 11*j(x) + 6*m(x). Determine w(t).
-3
Let r(x) be the second derivative of 1/3*x**4 - 4/3*x**3 + 0 - 1/60*x**5 - 4*x**2 - 9*x. Let v(m) be the first derivative of r(m). Calculate v(6).
4
Let t(q) = -5*q**3 + 3*q**2 + 4*q + 1. Let o(z) = -2*z**3 + z**2. Let u(x) = -2*o(x) + t(x). Give u(3).
-5
Let q(y) be the second derivative of -y**5/20 - 7*y**4/12 + 19*y**3/6 + 15*y**2/2 - 37*y. Let l be q(-9). Let b(p) = -p**2 + 7*p + 6. What is b(l)?
12
Suppose -n = -4*g + 48, 8*g - 4*g - 72 = -5*n. Suppose g*t - 117 + 39 = 0. Let m(d) = -d**3 + 6*d**2 + d - 6. Determine m(t).
0
Let z(c) = c**2 + 8*c + 4. Let a = -174 + 169. Give z(a).
-11
Let i be (-176)/(-18) + (-14)/(-63). Suppose 0*c = 5*c - i. Let p(h) = -2*h - h - 9 + 5 + 5. Give p(c).
-5
Let t(n) = n**2 - 31*n - 29. Let h be t(32). Let m(r) be the third derivative of 1/8*r**4 - 1/30*r**5 + 0 + 0*r - r**2 - 1/2*r**h. What is m(2)?
-5
Let n(t) = 5*t**2 + 17*t + 6. Let b(l) = -4*l**2 - 13*l - 7. Let r(w) = 6*b(w) + 5*n(w). Calculate r(-10).
18
Let o = 4 - 4. Let g be 2/(8/(-2))*o. Let l(w) = -w**3 + w**2 + 10. Calculate l(g).
10
Let p(x) be the first derivative of x**2 + 10*x + 23. Let s(n) = n + 9. Let m(i) = -2*p(i) + 3*s(i). Give m(6).
1
Let g(f) = -f**3 - 4*f**2 + 4*f - 3. Let l(i) = 2*i + 51. Let c be l(-24). Suppose 0 = c*n + 2*n + 25. Determine g(n).
2
Let p = -46 + 36. Let c be 2*10/((-2)/1). Let w be (-68)/c - 2/p. Let j(z) = 3*z - 8. What is j(w)?
13
Suppose 15*i - 127 + 7 = 0. Let g(q) = -q**2 + 6*q + 5. Determine g(i).
-11
Let b(q) = q**3 - q. Let r(d) be the second derivative of -d**5/10 + 5*d**4/6 + 13*d**3/6 - 11*d**2/2 + 28*d. Let p(w) = -b(w) - r(w). Determine p(11).
0
Let w be (-2)/((48/56)/(-3)). Let n(q) = -7*q + 43. Determine n(w).
-6
Suppose 5*h - 9 = 3*z + 8, 0 = -2*z - h - 33. Let x(c) = -c**2 - 14*c - 6. Calculate x(z).
-6
Let d(m) = -2*m**3 - 2*m**2 + 1. Suppose g = -6 + 9. Suppose n - 4 = -g. Calculate d(n).
-3
Let f(b) = b**2 + b - 9. Let y be f(-3). Let u(q) be the third derivative of 0 - q**2 - 2/3*q**3 + 0*q - 1/8*q**4 - 1/60*q**5. Calculate u(y).
-4
Let v(o) = 2*o + 17. Let r be 11/(-2) - ((-39)/(-6) + -5). Calculate v(r).
3
Let p(d) = -d + 17. Let k(u) = -u + 16. Let q(o) = -6*k(o) + 5*p(o). Suppose 17 - 6 = 3*g + 2*t, -2*t - 4 = 0. Determine q(g).
-6
Let q(m) = 2*m**3 - 5*m**2 - 3*m + 6. Suppose 1634*b + 28 = 1641*b. What is q(b)?
42
Let a(f) = 4*f**2 + 2*f - 1. Let q(b) be the first derivative of b**3/3 + b - 5. Let o(m) = -a(m) + 3*q(m). What is o(-3)?
1
Let y be 1 - (0 - -1)/(-1). Let a be